
True
Does 51 divide 845?
False
Is 3944 a multiple of 17?
True
Is 1304 a multiple of 23?
False
Is 2653 a multiple of 15?
False
Is 13 a factor of 165820?
False
Is 6 a factor of 226?
False
Is 43548 a multiple of 191?
True
Is 3 a factor of 34?
False
Does 4 divide 955?
False
Does 26 divide 18876?
True
Does 32 divide 1909?
False
Does 24 divide 15420?
False
Is 6638 a multiple of 45?
False
Is 123 a multiple of 51?
False
Is 62 a factor of 26226?
True
Does 11 divide 484?
True
Is 38697 a multiple of 322?
False
Is 3 a factor of 384?
True
Does 46 divide 5934?
True
Does 331 divide 27142?
True
Is 103 a factor of 14683?
False
Is 145 a factor of 3335?
True
Is 45 a factor of 2025?
True
Is 4228 a multiple of 49?
False
Is 55 a factor of 935?
True
Does 97 divide 2018?
False
Does 3 divide 876?
True
Is 90 a factor of 27738?
False
Is 4578 a multiple of 5?
False
Does 13 divide 26146?
False
Is 616 a multiple of 90?
False
Is 15 a factor of 2085?
True
Does 4 divide 23?
False
Is 12 a factor of 768?
True
Is 4 a factor of 1392?
True
Is 9 a factor of 5193?
True
Is 12 a factor of 77424?
True
Is 48070 a multiple of 38?
True
Is 870 a multiple of 15?
True
Is 443 a multiple of 19?
False
Is 110 a factor of 9570?
True
Is 27760 a multiple of 16?
True
Is 23 a factor of 55?
False
Is 256 a multiple of 2?
True
Does 8 divide 2310?
False
Is 132 a multiple of 49?
False
Is 816 a multiple of 34?
True
Is 114 a factor of 2065?
False
Does 11 divide 225?
False
Does 12 divide 3181?
False
Does 69 divide 1587?
True
Does 13 divide 20893?
False
Is 10 a factor of 140?
True
Does 25 divide 2466?
False
Is 28 a factor of 4760?
True
Is 6 a factor of 20880?
True
Is 2844 a multiple of 19?
False
Is 3068 a multiple of 118?
True
Is 11 a factor of 2761?
True
Is 1176 a multiple of 14?
True
Is 27 a factor of 15946?
False
Does 17 divide 15402?
True
Does 12 divide 76461?
False
Is 15 a factor of 326?
False
Does 49 divide 6958?
True
Is 23 a factor of 772?
False
Is 11 a factor of 10164?
True
Is 36 a factor of 72?
True
Is 21 a factor of 1091?
False
Is 994 a multiple of 24?
False
Is 14 a factor of 2282?
True
Is 12 a factor of 25881?
False
Does 8 divide 104?
True
Is 10 a factor of 464?
False
Does 13 divide 2809?
False
Is 49299 a multiple of 119?
False
Is 6861 a multiple of 28?
False
Is 7 a factor of 7?
True
Is 350 a multiple of 9?
False
Is 21 a factor of 4863?
False
Is 341 a multiple of 2?
False
Is 4677 a multiple of 3?
True
Is 1904 a multiple of 91?
False
Is 75 a factor of 5061?
False
Is 26562 a multiple of 70?
False
Is 132 a factor of 27984?
True
Is 10224 a multiple of 8?
True
Is 13 a factor of 37999?
True
Does 17 divide 272?
True
Is 72 a factor of 6328?
False
Is 496 a multiple of 31?
True
Is 10 a factor of 7740?
True
Does 12 divide 24660?
True
Does 30 divide 15330?
True
Is 25 a factor of 26194?
False
Does 31 divide 2564?
False
Is 21 a factor of 42?
True
Is 42 a factor of 2652?
False
Is 21422 a multiple of 7?
False
Is 4080 a multiple of 80?
True
Does 254 divide 762?
True
Does 8 divide 5440?
True
Is 3268 a multiple of 19?
True
Does 39 divide 2418?
True
Does 93 divide 3894?
False
Does 23 divide 26909?
False
Is 249 even?
False
Is 14454 a multiple of 66?
True
Does 14 divide 6773?
False
Is 1677 a multiple of 113?
False
Is 4 a factor of 188?
True
Does 24 divide 6984?
True
Is 846 a multiple of 47?
True
Is 7724 a multiple of 11?
False
Does 122 divide 8865?
False
Is 49 a factor of 1174?
False
Does 18 divide 2884?
False
Is 9942 a multiple of 34?
False
Is 194 a factor of 10864?
True
Does 70 divide 1050?
True
Is 3408 a multiple of 5?
False
Is 23 a factor of 3545?
False
Is 23414 a multiple of 10?
False
Does 69 divide 947?
False
Is 4 a factor of 252?
True
Does 41 divide 2829?
True
Is 8 a factor of 29679?
False
Does 30 divide 437?
False
Does 6 divide 2859?
False
Does 19 divide 2584?
True
Is 8 a factor of 266?
False
Does 22 divide 6446?
True
Does 5 divide 6976?
False
Is 530 a multiple of 10?
True
Does 87 divide 1620?
False
Is 984 a multiple of 6?
True
Is 1629 a multiple of 80?
False
Does 26 divide 936?
True
Is 418 a factor of 73150?
True
Is 30 a factor of 29589?
False
Is 15 a factor of 555?
True
Is 14 a factor of 823?
False
Is 48879 a multiple of 8?
False
Is 68 a multiple of 17?
True
Does 58 divide 524?
False
Does 3 divide 9837?
True
Does 14 divide 928?
False
Does 15 divide 610?
False
Does 11 divide 275?
True
Does 17 divide 10510?
False
Is 1988 a multiple of 71?
True
Is 1960 a multiple of 8?
True
Does 36 divide 10872?
True
Is 22 a factor of 317?
False
Is 13335 a multiple of 21?
True
Is 60 a factor of 240?
True
Does 16 divide 1428?
False
Does 69 divide 690?
True
Does 67 divide 9879?
False
Is 27 a factor of 9876?
False
Does 3 divide 2268?
True
Does 16 divide 8688?
True
Is 108 a multiple of 9?
True
Is 96 a multiple of 4?
True
Is 120 a multiple of 2?
True
Is 29 a factor of 1015?
True
Is 178 a factor of 20470?
True
Does 65 divide 1365?
True
Is 141 a factor of 2820?
True
Is 153 a factor of 13154?
False
Is 68 a factor of 26996?
True
Is 13 a factor of 905?
False
Does 27 divide 432?
True
Is 2070 a multiple of 30?
True
Is 7999 a multiple of 15?
False
Is 97 a factor of 2576?
False
Does 23 divide 107?
False
Is 43 a factor of 17157?
True
Is 13 a factor of 29129?
False
Is 61 a factor of 46628?
False
Is 2 a factor of 54?
True
Is 15648 a multiple of 12?
True
Is 75 a factor of 12000?
True
Is 26 a factor of 3042?
True
Is 5 a factor of 15610?
True
Is 30 a factor of 3605?
False
Is 3388 a multiple of 14?
True
Is 5 a factor of 142?
False
Does 34 divide 68?
True
Is 10 a factor of 8202?
False
Is 31 a factor of 1364?
True
Is 25 a factor of 3350?
True
Is 19 a factor of 6178?
False
Is 58 a factor of 47534?
False
Is 67 a multiple of 31?
False
Does 40 divide 25220?
False
Is 30641 a multiple of 26?
False
Is 16 a factor of 1824?
True
Is 22 a factor of 1166?
True
Is 51 a factor of 152?
False
Is 42696 a multiple of 18?
True
Is 14117 a multiple of 28?
False
Is 29 a factor of 37629?
False
Is 14 a multiple of 13?
False
Is 3800 a multiple of 73?
False
Does 2 divide 7290?
True
Does 16 divide 6128?
True
Is 15648 a multiple of 163?
True
Is 1668 even?
True
Is 41 a factor of 328?
True
Is 3267 a multiple of 27?
True
Is 25 a factor of 1825?
True
Is 16 a factor of 2947?
False
Does 18 divide 86376?
False
Does 36 divide 5537?
False
Is 17 a factor of 289?
True
Does 13 divide 3705?
True
Is 14118 a multiple of 39?
True
Is 22 a factor of 1067?
False
Is 10452 a multiple of 134?
True
Does 52 divide 6708?
True
Is 604 a multiple of 19?
False
Does 57 divide 28425?
False
Is 10773 a multiple of 133?
True
Is 660 a multiple of 30?
True
Is 1615 a multiple of 19?
True
Is 46 a factor of 3266?
True
Does 193 divide 135293?
True
Does 14 divide 2199?
False
Does 63 divide 3843?
True
Does 46 divide 10028?
True
Does 10 divide 11150?
True
Does 88 divide 176?
True
Does 21 divide 3419?
False
Is 960 a multiple of 20?
True
Does 72 divide 2448?
True
Is 37 a factor of 514?
False
Is 60 a factor of 2140?
False
Is 1684 a multiple of 18?
False
Is 17 a factor of 442?
True
Is 276 a multiple of 23?
True
Is 58376 a multiple of 8?
True
Does 11 divide 2517?
False
Is 36 a multiple of 8?
False
Is 36 a factor of 21492?
True
Is 27 a factor of 74693?
False
Does 16 divide 64?
True
Is 54 a factor of 324?
True
Is 9560 a multiple of 4?
True
Is 1700 a multiple of 47?
False
Is 5 a factor of 253?
False
Is 20 a factor of 6700?
True
Is 10 a factor of 46680?
True
Is 154 a factor of 54978?
True
Does 12 divide 942?
False
Is 73 a factor of 146?
True
Does 15 divide 5670?
True
Is 7 a factor of 2618?
True
Is 24 a factor of 438?
False
Does 108 divide 97962?
False
Is 322 a multiple of 12?
False
Does 73 divide 8944?
False
Does 93 divide 5673?
True
Is 6 a factor of 74898?
True
Does 25 divide 1535?
False
Is 2 a factor of 89?
False
Is 6 a factor of 332?
False
Is 23940 a multiple of 30?
True
Is 3379 a multiple of 18?
False
Does 22 divide 2319?
False
Does 28 divide 2363?
False
Is 14 a factor of 5925?
False
Is 6 a factor of 342?
True
Is 25 a factor of 19743?
False
Is 4630 a multiple of 59?
False
Is 3 a factor of 729?
True
Is 39 a factor of 28860?
True
Is 144 a multiple of 21?
False
Is 26 a factor of 2600?
True
Is 4436 a multiple of 8?
False
Is 24 a factor of 170?
False
Is 65246 a multiple of 14?
False
Does 51 divide 8670?
True
Is 148 a factor o